. Let i = -19673 + 19690. Calculate l(i).
97
Let j(z) be the second derivative of z**5/10 + z**4 + 5*z**3/6 - 3*z**2/2 + 207*z + 8. What is j(-5)?
22
Let j(r) = -128 + 30*r - 108*r + 92*r + 51*r - 62. Give j(3).
5
Let z(q) = 2*q + 14. Let c(x) = -27*x - 73. Let l(o) = c(o) + 6*z(o). What is l(5)?
-64
Let n(k) = -k - k**3 + 2 - 2*k**2 + 3*k**2 - 2*k**2 + 0*k**2. Let d(c) = c**3 - 12*c**2 - 90*c - 324. Let u be d(18). Give n(u).
2
Let f(u) be the third derivative of -u**6/120 - 5*u**5/12 - 49*u**4/24 - 29*u**3/3 + u**2 - 107*u - 1. Calculate f(-23).
11
Let g(k) = k + 6. Suppose 3*s = 22 - 7. Suppose 2*q - s*q - 15 = 0. Give g(q).
1
Let h(v) be the first derivative of 2*v**2 - 17*v + 1060. Let o(s) = -s**2 + 8*s - 7. Let b be o(6). Calculate h(b).
3
Let j(o) = -o**3 - 4*o**2 + 13*o - 6. Let w be j(2). Let f(n) = 11*n + 37. Calculate f(w).
-7
Let p(f) = 10*f - 26 + 29 - 28. Calculate p(3).
5
Let k(g) = -g**3 - g**2 + g + 2. Let z(y) = -2*y**2 - 21*y - 40. Let m(t) = t**2 + 17*t + 44. Let d be m(-13). Let s be z(d). Determine k(s).
2
Let y(a) = -9*a + 7. Let r(g) = -11*g + 8. Let j(s) = -5*r(s) + 6*y(s). Let x(o) = o + 6. Let p be x(-6). Suppose 0 = -4*u - 12 - p. Give j(u).
-1
Let s(m) = m + 1518. Let q(y) = y + 2025. Let o(t) = 3*q(t) - 4*s(t). Let i(d) = -2*d + 7. Let x be i(5). Determine o(x).
6
Suppose 2*k = -3*h + 8, -h + 16 - 4 = 2*k. Suppose 0 = 34*l - k*l + 108. Let y(z) = 2*z + 1. Determine y(l).
-7
Let c be (-6 + 5)/((-2)/(-30)). Let v = -39 - c. Let o = -30 - v. Let w(b) = b - 6. What is w(o)?
-12
Let a(r) = 2*r**3 - 13*r**2 + 13*r - 25. Let j be a(6). Let p(x) = -2*x + j*x - x**2 - 17*x. Let o be 12/10*20/(-6). Calculate p(o).
-8
Let l = -1 + 0. Let n = l - 1. Let y(f) = -2709*f + 1362*f + 0 - 2*f**2 + 2 + 1347*f. What is y(n)?
-6
Let r(x) = 145*x - 50. Let a(z) = -79*z + 26. Let j(s) = 11*a(s) + 6*r(s). Determine j(8).
-6
Let a(b) = -3*b**2 + 4*b + 1. Let s(y) = -y**2 + 138*y + 15. Let w(p) = -4*a(p) + s(p). Determine w(-11).
0
Let b(l) = -33*l - 705. Let w be b(-21). Let t(c) = c**3 + 13*c**2 + 14*c + 9. Determine t(w).
-15
Let x(t) = -t**2 - 14*t - 15. Let z be (1 - -2 - 1)*(-156)/(-8). Suppose -3*u + z = -4*b, 13*u - 14*u + 45 = -4*b. Calculate x(b).
9
Let a be ((-160)/(-48))/((-5)/(-6)). Let c be (a/(-2) + 7)/1. Suppose -c = -5*n - 30. Let z(k) = 3*k + 1. Give z(n).
-14
Suppose d = -p + 5, 6 = 2*p - 5*p. Suppose 10*x + 35 = 5*x. Let v(f) = 2*f + 5. Let a(m) = 5*m + 10. Let j(i) = x*v(i) + 3*a(i). Determine j(d).
2
Let m(u) = 36576 + 36*u**2 + 0*u + 4*u - 36574. Give m(-1).
34
Let p(j) = 2*j**3 + 81*j**2 - j + 104. Let m(h) = -h**3 - 27*h**2 - 34. Let c(w) = 7*m(w) + 2*p(w). Let y be c(-9). Let s(l) = -l - 16. Give s(y).
-4
Suppose -2*f = -m - 43 + 30, -5*m + 25 = 0. Suppose f*r = -150 + 195. Let u(g) = 5 + 3*g**2 + g**2 + 5*g - 5*g**2. Calculate u(r).
5
Let q be (1/(-2))/((-94)/188). Let h(t) = 6 - 1 - 6*t**3 - 4. Calculate h(q).
-5
Let k be ((-10)/(-6))/(1/3). Let h(o) = 1 - 20 + 3*o + 33. Let n(b) = b + 5. Let j(y) = -4*h(y) + 11*n(y). Give j(k).
-6
Let z(b) be the second derivative of b**4/12 - 9*b**3/2 + 89*b**2/2 + b - 349. Determine z(23).
-3
Let h = -212 + 182. Let w be -4 + 5*12/h. Let a(m) = m**2 + 5*m + 4. What is a(w)?
10
Let p(t) = t**3 - 24*t**2 + 10*t - 875. Let w be p(25). Let x(y) = 85*y + 3. What is x(w)?
3
Let h(n) = -17*n - 21. Let v = 3708 - 3710. Give h(v).
13
Suppose 13176 = 71*p + 45552. Let i = 452 + p. Let v(y) = -7*y. Calculate v(i).
28
Let n(u) be the second derivative of -u**5/60 + u**4/8 - 7*u**3/2 - 23*u + 1. Let w(h) be the second derivative of n(h). Calculate w(2).
-1
Let a(o) = 4*o + 4*o**2 + 2*o**2 - 3*o. Let i be -1*(-3)/(-36)*3*-28. Suppose 0 = 5*d - 5*p, -i*d + 5*p = -3*d + 1. What is a(d)?
7
Suppose -3*a + 3*x + 54 = 2*a, 3*x - 9 = -2*a. Let w(h) = 2 + a*h + 3*h + 7*h - 21*h. Give w(5).
-8
Let s = 12 - 11. Let j(y) = y**3 - 5*y**2 - 7*y + 10. Let k be j(6). Let m(r) = 0*r - s + k*r + r - 2*r. What is m(2)?
5
Let g(w) = 22*w + 5. Let u(l) = -12*l - 3. Let c = 626 + -621. Let m(a) = c*u(a) + 3*g(a). Give m(0).
0
Suppose -5*a + n + 5 = 0, 4*a - 56 = -2*n - 24. Let q(w) be the second derivative of 0 - 3/2*w**2 + 0*w**3 + 5/12*w**4 - 1/20*w**5 + 2*w. What is q(a)?
15
Let q(u) be the third derivative of u**4/12 + 3*u**3/2 + 2*u**2. Let j be (-5)/((-305)/366*(-6)/(-8)). Calculate q(j).
25
Let u(x) be the first derivative of 11*x + 1/2*x**2 - 1. Let r be 10 - -21*108/(-126). Determine u(r).
3
Let t(n) = n**3 + 3*n**2 + n + 5. Let o(s) = 4*s - 101. Let l be o(25). Suppose -2*c + 5*r = -0*r + 1, 5*c - r = -14. Let x = l + c. Give t(x).
-15
Let l(u) = u - 7. Let o(q) = -4*q + 40. Let h(c) = -11*l(c) - 2*o(c). What is h(-3)?
6
Let a(z) be the first derivative of -3*z**2/2 - 3*z + 2943. What is a(3)?
-12
Let k(y) = y - 28. Let o be k(19). Let h be 9/6*(-42)/o. Let x(j) = -j + 6 - h + 3 - 4. Give x(-6).
4
Suppose -5*a = 5*i + 5 - 0, -2*a + 5*i = -26. Let t(k) = -2*k**3 - 7*k**2 + 4*k - 4. Let z(j) = j**3 + j**2 - j. Let b(g) = t(g) + 3*z(g). What is b(a)?
-10
Suppose -4 = 2*q + 6. Let o(z) = -2*z**2 + 49*z + 7. Let v(c) = 6*c**2 - 138*c - 21. Let y(u) = -17*o(u) - 6*v(u). What is y(q)?
-18
Let u(n) = 5*n + 125*n**2 - 124*n**2 - 10 - 3*n. Let w(p) = -2*p**2 - 4*p + 20. Let h(t) = 5*u(t) + 3*w(t). Determine h(-8).
-38
Suppose 2 = -14*k + 44. Suppose -4 + 1 = 3*g - k*x, 3*g = -4*x + 4. Let c be (g - (-6 + 5)) + 3*-1. Let z(n) = -5*n - 3. Calculate z(c).
7
Let v = -3323 - -3324. Let s(a) = a**2 - 5*a - 8. Let h be s(6). Let g be h/(v/4*-1). Let n(k) = k**3 - 8*k**2 + 2*k - 11. What is n(g)?
5
Let r be (-86)/(-129)*(22/12)/(24/(-216)). Let j(p) = 4*p**2 + 43*p - 14. Calculate j(r).
-3
Let z(k) = -99*k**2 - 94*k**2 - 2*k - 4 + 194*k**2. What is z(7)?
31
Let a(q) = -24*q**2 + q - 1. Suppose 0 = 163*x - 155*x + 8. Calculate a(x).
-26
Let u(q) = -3*q**2 - 52*q - 21. Let p(g) = 11*g**2 + 183*g + 95. Let f be p(-16). What is u(f)?
-4
Let p(l) be the first derivative of l**2 - 31*l + 8. Let w be p(13). Let f(a) = 14*a**2 + a - a**3 - 29*a**2 + 11*a**2 + a - 2. Calculate f(w).
13
Let h be (2 - -8)/(3/(-12)). Let g be 37*((3 - 7) + 3). Let w = h - g. Let y(i) = -6*i - 4. Calculate y(w).
14
Let p be (16/12)/(4/6). Let l be (88/6)/4 + 216/162. Let w(r) = -l - r**3 + r**2 - 2 + 18 - 12 - 2*r. Determine w(p).
-9
Let j(h) = 3*h + 1. Let n be j(1). Let c(b) be the second derivative of 0 - 22*b + 1/3*b**4 - 1/20*b**5 + 0*b**3 - 1/2*b**2. Calculate c(n).
-1
Let t(l) = 3*l**2 - 65*l + 68. Let r(o) = -o**2 + 23*o - 23. Let p(v) = -17*r(v) - 6*t(v). Give p(0).
-17
Let r = 5841 + -5823. Let p(f) = f**3 - 18*f**2 - 2*f + 30. Determine p(r).
-6
Let h = -30873 - -30876. Let v(k) be the first derivative of -h*k - 38 + 1/2*k**2. Give v(-9).
-12
Let r(i) be the first derivative of -7/3*i**3 - 1/2*i**2 - 96 + 0*i. Determine r(2).
-30
Let p be -1 + 1 - (-7 - -5 - 1). Let y(o) = -3*o - 5*o**2 - 5*o + 6 + o**3 - 2*o**2 - p*o. Calculate y(8).
-18
Let d(q) be the first derivative of q**4/4 + 2*q**3 - q**2 - 14*q - 1162. What is d(-5)?
21
Let g(z) = -z**2 + 2*z + 1. Let b = 130 - 155. Let k(i) = -2*i**2 - 52*i - 47. Let w be k(b). Give g(w).
-2
Let n be (-21)/2*(-1262)/4417. Let k(c) be the first derivative of -c + 1/2*c**2 - 4 + 1/3*c**n. What is k(-1)?
-1
Let n be (-3 + 1)*(3 - 1) - -6. Let q(v) = -108 - 96 - 11*v - 105 + 380 + v**n - 102. Give q(13).
-5
Let a(l) be the third derivative of -l**5/20 + l**4/24 - l**3/3 - l**2 + 380. Let j = 86 - 84. Give a(j).
-12
Let v(w) be the first derivative of 5*w**2/2 + 79*w - 293. Determine v(-18).
-11
Suppose -3*c = d + 2, -2*d - 120*c + 119*c = -11. Let v(x) = x**3 - 7*x**2 + 2*x - 11. Calculate v(d).
3
Let f(y) = -y**2 + 3*y - 3. Let w = 13105 - 13099. Calculate f(w).
-21
Let f(d) be the third derivative of -16*d**2 + 0*d + 0 - 1/6*d**3 + 1/60*d**5 + 0*d**4. Let u(i) = 4*i**2 + 4. Let o(a) = 3*f(a) + u(a). Give o(-1).
8
Let l(z) = -7*z - 26. Suppose 58*h + 384 = -15*h + 121*h. Determine l(h).
-82
Let s(i) = 2*i + 19. Suppose 3*y + 0*y = -2*t + 6, -4*t + 60 = -6*y. Calculate s(t).
37
Let q(s) = 4*s**2 - 3*s + 4. Let t be (13/5 - 66/110) + 0. Let p(a) = -a**2 + a - 1. Let f(g) = t*p(g) + q(g). Suppose 7*k - 8 = 3*k. Give f(k).
8
Let h(u) = 4*u**2 - 2*u - 4. Let k(g) = 11*g**2 - 6*g - 12. Let o(y) =